(-1 + -4 + 19 - 5).
25
Calculate -13 + 4 + 32 + -16 - 9.
-2
6 + 0 + -26 - (-2 - 2)
-16
What is the value of 47 - 36 - (1 - -42) - -14?
-18
What is 2 + 1 + 7 + 1 + 8 + -10?
9
Evaluate 6 + -20 + (11 - 2) - (1 + 7).
-13
-45 + 65 + (-14 - 1)
5
What is 28 + 4 + (-6 - 20)?
6
Evaluate 7 - 1 - (4 + 22).
-20
Evaluate -30 - (-11 - 8) - 5.
-16
Calculate -3 - (-7 + 3 + (-16 - -8) + 4).
5
What is -15 + (-5 + -2 - (-14 - -6))?
-14
Evaluate (18 + 0 - (4 + (11 - 9))) + 6.
18
What is -15 - (22 + -41) - (-1 + 5)?
0
Calculate 22 - 46 - (-4 - 35).
15
Calculate -4 + (-14 - (-9 - 4)).
-5
What is 34 + (-24 - -13) + -15?
8
What is the value of (8 - -1 - (-3 + -2 - -8)) + -16?
-10
What is the value of 280 + -279 + -3 + 13 + 0?
11
Evaluate -9 + (32 - (53 + -14)).
-16
Evaluate -9 + -4 + 14 + (-4 - 0) + 8.
5
Evaluate (1 - -13) + -131 + 128.
11
What is 53 - 10 - 40 - (1 - 19)?
21
What is the value of -20 + 27 + -24 - (-24 - 1)?
8
Evaluate 99 - 121 - (-2 + -1 + -5).
-14
Evaluate -164 + 190 + -24 + -1.
1
Evaluate (-25 - -33) + 29 - 39.
-2
What is -2 + 7 + -8 + -6 + 32 + -4?
19
Evaluate 41 + (-2 + 6 - 26).
19
What is the value of (8 + -1 - (-4 - -7)) + 1 + -4?
1
-12 + (15 - -11 - 13)
1
What is (-31 - 0) + -183 + 201?
-13
What is the value of (-6 - -14) + 6 - -1?
15
-38 + 28 + (-2 - -2) - 1
-11
What is 2 - (-12 + (-14 - -19) - (-10 + 1))?
0
What is 5 - (18 - (2 - (-4 - (-4 + 4))))?
-7
What is the value of (0 - 1) + -2 + 12 + -6?
3
Calculate -1 + (6 - 0 - (-4 - -7)) + -3.
-1
Evaluate 9 + 1 - (11 + -4) - 24 - -3.
-18
Evaluate -1 + (9 - (21 + -16)).
3
What is 1 - (-2 + -2 - (4 - 8))?
1
What is the value of -10 + 2 + -11 + 22 + 7 + 1?
11
Calculate 10 - (3 + -1 + 10) - (-1 - -1).
-2
Calculate -5 + -12 + 17 + -13 + 9.
-4
What is -17 - (4 + -10) - -14?
3
6 + (0 - (0 + -3)) + (-2 - 9)
-2
What is -14 + 3 + (-5 - (-8 + 1 - -1))?
-10
What is the value of 18 + (-10 - (-18 - -20))?
6
What is the value of 1 + (2 + 2 - -15)?
20
What is 2 - -4 - (-52 - -28 - -10)?
20
8 + 0 - (56 - 54) - (6 - 8)
8
What is 1 + (-7 - 3) + 27 + -6?
12
What is 11 - 7 - -1 - (6 - -2)?
-3
Evaluate -5 + 20 + -13 + -8 + -20 + 3.
-23
What is -12 - (7 + -23 - 13)?
17
(-24 - -13) + 11 + 10 + -2 + -1
7
Evaluate (-67 - -71 - (-6 + 4)) + 4.
10
What is 0 + 0 + 6 + -3?
3
Evaluate -33 - (17 + (-4 - 16 - 11)).
-19
Evaluate 2 - -3 - (-4 - -2 - -7 - 2).
2
Calculate (-39 - (-13 + 6)) + 25 - (1 + -1).
-7
-17 + -10 + 43 + -6
10
What is 0 + 14 + -25 + (-6 - (3 - 5))?
-15
What is the value of (-15 - 1) + -13 + 0 + 43?
14
Calculate (-25 + 1 - (-103 - -100)) + (5 - -4).
-12
What is the value of (-5 - (0 - 1)) + (14 - (-3 - -25))?
-12
What is (-5 - (-8 - 5)) + (-5 + -2 - -1)?
2
Calculate 0 - -13 - ((7 - 9 - 11) + 4).
22
Calculate (3 - 7) + (25 - 20) - 10.
-9
Evaluate 35 + -10 + -21 + 7.
11
Calculate -11 - (-30 - (-12 - -19)).
26
Evaluate 0 + 15 + -8 + -14.
-7
What is the value of -1 - 1 - (-67 - -67) - (-32 + 31)?
-1
What is the value of -23 + 30 - (6 + -12 - -1)?
12
Calculate 7 - (5 + 2) - (0 - (-7 + 8)).
1
-30 + (35 - (-21 - -17))
9
What is the value of 18 - (1 - ((-25 - -14) + 12))?
18
Evaluate -9 + (-15 - -12) + 2.
-10
Evaluate -98 + 84 + 3 + -7.
-18
5 - 13 - (11 - 34 - -10)
5
(-4 - -6) + -11 + (-4 - 1)
-14
Calculate -38 + (41 - 39) + 7.
-29
Calculate 2 + -4 + -1 - (-8 + 17 - -17).
-29
3 - (22 + -19 - (0 - (3 - -2)))
-5
What is the value of -3 - (-3 + -13) - 27?
-14
Evaluate -3 + 1 - (9 + (6 - 0 - 8)).
-9
30 + -3 + -3 - 14
10
Calculate 36 - (20 + -16) - 16.
16
Calculate -19 - (-22 - (-4 + 2)).
1
What is -1 - -8 - -1 - (7 + -7 - -3)?
5
-17 + 30 + -15 + 5
3
What is (0 - (-1 - -4)) + -35 + 44 + -14?
-8
Calculate (-4 + 3 + 17 - (4 - -1)) + 2.
13
Calculate 17 + (-19 - -21 - 15).
4
Calculate (12 - 18 - -5) + 16 - -2.
17
What is 60 + -31 + 9 + -32?
6
What is the value of 31 - (-9 + (5 - -24)) - (0 + 3)?
8
Calculate -2 + 16 + (8 - 11) - -2.
13
What is the value of 10 - -3 - (30 + -4)?
-13
What is -26 + 6 - (5 + (-4 + 5 - 7))?
-19
What is -4 + (0 - (-6 - 7)) - 22?
-13
Evaluate (-1073 - -1087) + (0 - (7 - 0)).
7
What is (-5 + -12 - -10) + 3 + 3 + -5?
-6
What is 6 + -4 - (48 - -9 - 29)?
-26
What is (-9 - -9) + -6 - 7?
-13
20 - (8 + 36) - -28
4
Evaluate (-6 - -2) + (-10 - (10 + -10 + -1)).
-13
Calculate -17 + (33 - 9) - (-1 - -11).
-3
What is -1 - (2 + 2) - (0 + (3 - 1))?
-7
Evaluate -22 + -2 + (18 + -37 - -27).
-16
Calculate 5 + 1 + -5 - (12 + -2).
-9
What is the value of 4 + 2 - (10 - (-2 - 0))?
-6
What is -18 + (17 + 20 - 13)?
6
0 - 12 - -19 - (1 + -10 + 1)
15
What is the value of -20 - (-2 + -21) - ((10 - 1) + -1)?
-5
Calculate (-3 - (-1 - -5)) + 0 - -6.
-1
Evaluate -34 + 4 + 6 - (-1 - 16).
-7
What is -2 - 6 - (83 - 85)?
-6
What is 8 + (-8 - -4 - -5 - (1 - 8))?
16
Calculate 8 - (6 + (-7 - (1 - 20))).
-10
What is 13 - (52 + -25) - -24?
10
Calculate -25 - -21 - (15 - -1 - (-3 + 4)).
-19
Evaluate 64 + -56 + 1 + 1 + 0.
10
What is the value of (-6 - -17) + (3 + 5 - 13)?
6
Calculate (8 - ((11 - 10) + -18)) + -3.
22
What is -58 - -31 - (-17 - -1) - 6?
-17
Evaluate 101 + -152 + -1 + 21.
-31
Calculate 16 + -4 + 0 + (6 - (3 - -4)).
11
Calculate 4 + 10 + -6 - 15.
-7
What is 40 - (-12 + 31) - -9?
30
What is (-24 - (4 + 3)) + 54?
23
What is 58 + -55 + (0 - -1 - (-2 - -4))?
2
Calculate 6 - ((4 - 13) + 4 - (-5 + 2)).
8
Calculate 19 + 5 + -10 + -3 - 17.
-6
0 - (-11 + -14 + 38)
-13
Calculate -65 - (18 + -13 + -39).
-31
Evaluate 400 + -370 - (24 + 0).
6
Evaluate -1 + 6 + 14 + -13 + -16 + 14.
4
Evaluate -8 + ((6 - 1) + 12 - 8).
1
What is (4 - (18 + -2)) + 2?
-10
What is (-10 - -2) + (-18 + 15 - -5)?
-6
What is -9 + 61 - 50 - (0 - (0 + 33))?
35
Evaluate -343 - -348 - (1 - -12).
-8
Calculate (17 - -2) + -23 + (1 - -2).
-1
What is (-9 - -3) + 0 + 207 + -208?
-7
Calculate 33 - (15 + 9 - 13 - 2).
24
What is -42 + -29 + 57 + 44?
30
What is the value of 22 + (4 - 15) - 9?
2
What is the value of -11 + -9 + (11 - 1) - -10?
0
What is -6 + 1 + (-6 - -2) + 6 - 0?
-3
Calculate -39 - -34 - (-2 - -12) - -36.
21
Calculate -23 + -18 + (6 - -24).
-11
Evaluate -2 + (1 - (4 - (7 + -7))).
-5
Evaluate -3 + 0 + (-6 - (-7 - 8)).
6
What is 7 + -1 + (1130 - 1124)?
12
Calculate 2 + (56 - 42) + -7 + 0 + 8.
17
What is (-1 - (-9 - -6) - 3) + 4?
3
11 + -5 - (19 - 8)
-5
(-6 - 14) + 2 - (4 - (-1 - -2))
-21
Evaluate (28 - 5) + -22 + 5 + -47.
-41
What is (1 - -7) + 1 - (2087 + -2063)?
-15
What is 5 - (-1 - -1) - 0 - (-209 + 207)?
7
What is 8 + 0 + -356 + 335?
-13
What is 34 + -9 - 18 - -10?
17
What is -32 - (18 + -22) - -10?
-18
What is the value of (27 - 46) + -2 + 21?
0
What is -50 - (-76 + -36 + 78)?
-16
(24 - -8 - 4) + 5 + -4 + -4
25
What is the value of 5 + (6 - (4 + -3 - -1)) - 4?
5
What is ((1 - -6) + 37 + -44 - -2) + 11?
13
What is the value of -4 + 1 - (1 + -7 + -3)?
6
Calculate 0 + 8 + -1 + -1 + (156 - 151).
11
What is -67 + 54 + (0 + -2 - -1)?
-14
6 + -9 - (1 + 1) - (38 - 59)
16
What is (-31 - -20) + (-2 - -3) + 6?
-4
What is the value of 8 - (-2 + 11 - (7 + -1) - 8)?
13
Calculate -2 + -1 + (-2 - 2) + 62 + -83.
-28
What is (-13 - -10) + 10 + (0 - -9)?
16
What is (9 - (-9 - -4)) + -8?
6
Evaluate (11 + (10 - 15) - 0) + -21 + 5.
-10
What is the value of 1 - (0 - 0 - (12 + -17 + 12))?
8
What is the value of -7 - (-11 + 13) - (-2 + -3)?
-4
What is (42 - 14 - -7 - 2) + -16?
17
Calculate 7 + (-8 - -1) + -83 + 79.
-4
What is the value of -9 + -14 + -1 + (51 - -1)?
28
What is the value of -10 - -11 - (3 - 14)?
12
Calculate (-5 - -8) + (7 - 9) + -2.
-1
(-4 - (-15 - -4)) + (1 - (3 - 10))
15
21 + -17 + -5 + 3
2
What is the value of (-14 - 9) + 38 - (-4 - -46)?
-27
21 + -1 + (438 - 444)
14
(-37 + 18 - -16) + 2 + (-1 - -2)
0
What is the value of -4 - (1 + -10 + -9 + 18 + 33)?
-37
What is 13 + -71 + 25 - -32?
-1
(-27 - -42) + -18 + 0
-3
Calculate -1 - -18 - ((-264 - -257) + -4 + 1).
27
27 + -14 + -18 - (-4 - 0) - -20
19
Calculate -18 - -31 - (6 + -4 + -1).
12
Calculate 14 + (7 - (0 - (-4 + -11))).
6
Calculate -49 + 16 + (0 - -17).
-16
What is 21 + (17 + -5 - 25) + 1?
9
Calculate -5 - (-7 - -4 - -7).
-9
Evaluate -2 - -6 - (2 + 14 + -15).
3
Evaluate -4 + -1 + (-7 - -8 - 1) + 11.
6
Calculate 15 + -3 + (-9 - 11).
-8
Calculate -9 + -7 + (3 - (6 + -11 + 3)).
-11
3 - (3 + -10 + 7 + 3)
0
Evaluate -4 - (-2 + -8 - ((0 - 3) + 1)).
4
Evaluate -6 + -4 + 7 + -22 - -11.
-14
Calculate (-33 - 10) + (12 - 5 - 